actor of 74412?
True
Is 6348 a multiple of 103?
False
Is 14 a factor of 28294?
True
Does 5 divide 12430?
True
Does 67 divide 42936?
False
Is 2955 a multiple of 10?
False
Is 73493 a multiple of 19?
False
Is 1950 a multiple of 30?
True
Does 9 divide 266?
False
Is 108 a factor of 5452?
False
Does 28 divide 631?
False
Does 90 divide 3150?
True
Is 24313 a multiple of 76?
False
Is 1216 a multiple of 38?
True
Is 46 a factor of 6256?
True
Does 123 divide 15744?
True
Is 1999 a multiple of 12?
False
Is 13 a factor of 2213?
False
Does 19 divide 5039?
False
Is 6529 a multiple of 26?
False
Is 17 a factor of 135?
False
Is 780 a multiple of 7?
False
Is 2 a factor of 1038?
True
Does 75 divide 6236?
False
Is 93 a factor of 21576?
True
Is 8262 a multiple of 18?
True
Does 52 divide 572?
True
Is 112 a factor of 789?
False
Is 18 a factor of 234?
True
Is 64 a factor of 20288?
True
Does 3 divide 240?
True
Is 5 a factor of 194?
False
Is 51 a factor of 1989?
True
Is 45 a factor of 93223?
False
Is 322 a multiple of 12?
False
Is 4972 a multiple of 11?
True
Does 17 divide 26452?
True
Does 7 divide 3010?
True
Is 234 even?
True
Is 93 a factor of 186?
True
Is 14 a factor of 1386?
True
Does 22 divide 40876?
True
Does 14 divide 18?
False
Is 18 a factor of 143?
False
Does 19 divide 2603?
True
Is 59 a multiple of 8?
False
Is 10 a factor of 12570?
True
Is 19 a factor of 247?
True
Does 38 divide 27094?
True
Is 641 a multiple of 3?
False
Does 64 divide 4789?
False
Does 15 divide 2880?
True
Is 2 a factor of 201?
False
Is 15 a factor of 7656?
False
Is 70 a factor of 3160?
False
Does 7 divide 101?
False
Is 24076 a multiple of 13?
True
Is 147 a multiple of 4?
False
Is 3 a factor of 1698?
True
Does 24 divide 1920?
True
Is 8 a factor of 2864?
True
Is 20 a factor of 11000?
True
Is 8 a factor of 3393?
False
Is 22 a factor of 236?
False
Does 17 divide 1890?
False
Does 30 divide 900?
True
Is 26 a factor of 798?
False
Is 106 a factor of 424?
True
Does 73 divide 353?
False
Is 23506 a multiple of 7?
True
Is 24 a factor of 959?
False
Is 154 a factor of 81633?
False
Does 5 divide 715?
True
Is 4420 a multiple of 65?
True
Is 625 a multiple of 25?
True
Does 9 divide 10575?
True
Is 59 a factor of 3953?
True
Is 360 a multiple of 45?
True
Is 801 a multiple of 30?
False
Does 99 divide 3168?
True
Is 69 a factor of 3162?
False
Does 4 divide 172?
True
Does 25 divide 2421?
False
Does 17 divide 5780?
True
Does 19 divide 609?
False
Is 13 a factor of 10817?
False
Does 24 divide 84888?
True
Is 15 a factor of 46?
False
Does 38 divide 2590?
False
Is 2 a factor of 191?
False
Is 16 a factor of 4120?
False
Does 3 divide 563?
False
Does 25 divide 257?
False
Is 160 a factor of 18720?
True
Is 46 a factor of 644?
True
Is 18328 a multiple of 2?
True
Is 206 a multiple of 18?
False
Is 48 a factor of 14953?
False
Does 95 divide 4845?
True
Is 15 a factor of 2393?
False
Is 77 a factor of 1925?
True
Does 34 divide 714?
True
Is 144 a multiple of 2?
True
Is 61 a factor of 2684?
True
Is 47925 a multiple of 11?
False
Does 8 divide 7936?
True
Is 2500 a multiple of 5?
True
Is 5562 a multiple of 6?
True
Does 49 divide 4557?
True
Does 8 divide 164?
False
Is 24 a factor of 2328?
True
Is 101 a factor of 70094?
True
Is 76 a factor of 1292?
True
Does 35 divide 770?
True
Is 21 a factor of 441?
True
Does 73 divide 1786?
False
Does 8 divide 3187?
False
Is 9917 a multiple of 44?
False
Is 238 a multiple of 17?
True
Is 40 a factor of 8484?
False
Is 1652 a multiple of 22?
False
Is 11 a factor of 703?
False
Is 238 a factor of 58379?
False
Is 151 a factor of 50949?
False
Does 39 divide 351?
True
Is 12756 a multiple of 68?
False
Is 10 a factor of 12670?
True
Does 151 divide 42046?
False
Is 38644 a multiple of 50?
False
Is 3323 a multiple of 146?
False
Does 16 divide 1744?
True
Is 262 a multiple of 4?
False
Does 37 divide 43734?
True
Is 75 a factor of 31367?
False
Is 1430 a multiple of 22?
True
Is 816 a multiple of 34?
True
Is 72 a factor of 1728?
True
Is 2444 a multiple of 10?
False
Is 25 a factor of 1050?
True
Does 7 divide 6937?
True
Is 383 a multiple of 17?
False
Is 12 a factor of 18764?
False
Is 222 a factor of 106643?
False
Is 8 a factor of 1046?
False
Is 749 a multiple of 13?
False
Does 5 divide 12650?
True
Is 15 a factor of 21825?
True
Is 36 a factor of 2736?
True
Does 12 divide 408?
True
Is 391 a multiple of 23?
True
Is 27 a factor of 17255?
False
Is 14 a factor of 1512?
True
Does 47 divide 14805?
True
Is 11604 a multiple of 150?
False
Does 54 divide 112368?
False
Is 3 a factor of 6?
True
Is 6 a factor of 4470?
True
Is 1235 a multiple of 13?
True
Is 23 a factor of 13851?
False
Does 28 divide 148772?
False
Is 387 a multiple of 23?
False
Is 12 a factor of 2944?
False
Is 162 a multiple of 6?
True
Is 1274 a multiple of 98?
True
Is 76638 a multiple of 159?
True
Is 8 a factor of 197?
False
Is 18752 a multiple of 6?
False
Does 13 divide 31200?
True
Is 17 a factor of 2788?
True
Is 46 a factor of 841?
False
Is 14 a factor of 1750?
True
Is 30 a factor of 86?
False
Is 49016 a multiple of 261?
False
Is 4 a factor of 116?
True
Does 66 divide 2493?
False
Is 2413 a multiple of 3?
False
Does 9 divide 385?
False
Is 4060 a multiple of 29?
True
Does 16 divide 9993?
False
Is 28251 a multiple of 168?
False
Is 47846 a multiple of 16?
False
Is 9842 a multiple of 74?
True
Is 404 even?
True
Is 104 a factor of 133720?
False
Is 930 a multiple of 62?
True
Is 43776 a multiple of 19?
True
Is 16 a factor of 11795?
False
Is 60298 a multiple of 146?
True
Does 37 divide 104340?
True
Does 296 divide 25160?
True
Is 400 a multiple of 3?
False
Is 121 a factor of 21175?
True
Is 89 a factor of 20114?
True
Does 20 divide 25810?
False
Is 9 a factor of 1260?
True
Is 32358 a multiple of 28?
False
Is 280 a multiple of 8?
True
Is 20 a factor of 1959?
False
Does 96 divide 1466?
False
Is 441 a multiple of 21?
True
Is 1088 a multiple of 34?
True
Is 14 a factor of 154?
True
Is 17 a factor of 1288?
False
Is 1264 a multiple of 4?
True
Does 17 divide 398?
False
Does 9 divide 873?
True
Is 126 a factor of 6552?
True
Is 69 a factor of 2277?
True
Does 14 divide 1480?
False
Is 48 a factor of 22649?
False
Is 39 a factor of 5109?
True
Is 1160 a multiple of 29?
True
Is 7253 a multiple of 61?
False
Does 60 divide 1572?
False
Is 14612 a multiple of 13?
True
Is 228 a factor of 18468?
True
Is 30262 a multiple of 202?
False
Is 258 a factor of 5418?
True
Is 1235 a multiple of 29?
False
Is 25 a multiple of 22?
False
Is 17 a factor of 8070?
False
Does 19 divide 12844?
True
Does 20 divide 2900?
True
Does 30 divide 14207?
False
Is 6 a factor of 438?
True
Does 5 divide 185?
True
Does 9 divide 537?
False
Does 58 divide 1798?
True
Is 3288 a multiple of 101?
False
Is 1911 a multiple of 49?
True
Is 70179 a multiple of 74?
False
Is 25424 a multiple of 56?
True
Does 56 divide 2706?
False
Is 969 a multiple of 41?
False
Is 1237 a multiple of 15?
False
Does 64 divide 2176?
True
Is 24567 a multiple of 68?
False
Is 57589 a multiple of 186?
False
Is 4533 a multiple of 57?
False
Is 35908 a multiple of 14?
False
Is 1456 a multiple of 91?
True
Does 14 divide 1973?
False
Is 16 a factor of 976?
True
Is 2 a factor of 5907?
False
Is 5 a factor of 4175?
True
Does 37 divide 3626?
True
Does 17 divide 10074?
False
Is 752 a multiple of 11?
False
Is 891 a multiple of 45?
False
Is 19 a multiple of 2?
False
Is 36656 a multiple of 29?
True
Is 13 a factor of 154713?
True
Is 48 a multiple of 5?
False
Is 41 a multiple of 9?
False
Is 5 a factor of 725?
True
Does 20 divide 986?
False
Does 38 divide 2107?
False
Does 44 divide 676?
False
Is 52 a factor of 1948?
False
Is 1309 a multiple of 31?
False
Is 2 a factor of 8779?
False
Does 9 divide 341?
False
Does 53 divide 285?
False
Is 15 a factor of 7146?
False
Does 110 divide 3850?
True
Does 52 divide 900?
False
Does 10 divide 52774?
False
Does 3 divide 13297?
False
Is 4199 a multiple of 41?
False
Does 19 divide 3720?
False
Is 7389 a multiple of 9?
True
Does 22 divide 462?
True
Is 319 a factor of 118551?
False
Does 36 divide 396?
True
Is 99667 a multiple of 394?
False
Is 16 a factor of 24342?
False
Is 47 a multiple of 3?
False
Is 4095 a multiple of 91?
True
Is 160 a multiple of 40?
True
Is 23364 a multiple of 66?
True
Is 1305 a multiple of 9?
True
Is 5 a factor of 1789?
False
Does 9 divide 143